 - 43. Give b(4).
13
Let v(d) = -d**2 - 369*d - 3719. Give v(-10).
-129
Let s(i) = -3*i**2 - 1025*i - 13768. Give s(-14).
-6
Let c(v) = -2*v**2 - 65*v + 75. Give c(-34).
-27
Let o(v) = 94*v - 11083. Give o(118).
9
Let s(t) = 2136*t - 32034. What is s(15)?
6
Let q(h) = -h**3 + 4*h**2 + 5*h - 10. Give q(5).
-10
Let d(n) = 3*n**3 - 15*n**2 + 13*n - 5. Determine d(4).
-1
Let k(x) = x**2 - 545*x - 2155. What is k(-4)?
41
Let g(b) = 5*b**3 - 72*b**2 + 30*b - 13. Give g(14).
15
Let f(s) = -84*s + 12345. Determine f(147).
-3
Let i(l) = -l**2 - 437*l - 45553. Give i(-265).
27
Let u(g) = 27*g**2 + 30*g - 47. Give u(2).
121
Let m(n) = -2*n - 25. Determine m(-10).
-5
Let y(t) = -2*t**2 + 157*t + 15. What is y(0)?
15
Let j(s) = -384*s + 4632. Give j(12).
24
Let t(z) = 65*z - 2663. What is t(41)?
2
Let r(t) = t**3 + 27*t**2 - 12*t - 291. Give r(-27).
33
Let p(u) = -125*u**2 + 384*u - 15. Give p(3).
12
Let g(z) = -307*z - 27015. Give g(-88).
1
Let z(f) = -f**3 + 50*f**2 - 119*f + 131. Give z(48).
-973
Let j(u) = -167*u + 7176. Determine j(43).
-5
Let w(c) = 3*c**3 + 283*c**2 + 90*c - 370. What is w(-94)?
6
Let c(p) = -2614*p - 5231. Determine c(-2).
-3
Let v(y) = 85*y**3 - y**2 - 12*y - 12. Calculate v(-1).
-86
Let j(v) = -8*v**3 - 5*v**2 - 13. Determine j(-4).
419
Let m(w) = -4*w**3 - 21*w**2 - 14*w - 28. Calculate m(-5).
17
Let f(w) = -9*w + 1015. Give f(114).
-11
Let m(w) = 10*w**2 - 107*w - 151. Calculate m(12).
5
Let b(g) = 3*g**3 + 21*g**2 + 9*g - 83. Give b(-4).
25
Let r(y) = -y**3 + 19*y**2 + 102*y - 1651. Give r(20).
-11
Let r(g) = g**2 + 50*g - 405. What is r(7)?
-6
Let x(d) = 59*d - 31. Give x(0).
-31
Let x(z) = z**2 - 38*z + 150. Calculate x(34).
14
Let j(i) = 2*i**3 + 18*i**2 - 93*i + 28. Calculate j(-13).
-115
Let o(z) = 8*z**3 + 44*z**2 - 26*z - 39. Calculate o(-6).
-27
Let j(g) = -2*g**2 - 99*g - 1064. Calculate j(-15).
-29
Let r(j) = -2118*j - 2113. Determine r(-1).
5
Let q(h) = 3*h**2 + 141*h - 13. What is q(-47)?
-13
Let p(o) = -3*o**2 - 81*o - 40. Give p(-26).
38
Let d(j) = -j**2 - 25*j - 113. Calculate d(-5).
-13
Let p(c) = 2*c**2 - 742*c + 20459. Determine p(30).
-1
Let b(u) = u**3 - 7*u**2 - 23*u + 173. Determine b(10).
243
Let r(f) = -42*f**2 - 120*f + 23. What is r(-3)?
5
Let g(a) = -6*a + 173. Calculate g(16).
77
Let h(z) = 113*z + 55. What is h(1)?
168
Let a(b) = b**3 - 8*b**2 + 3*b + 4. Give a(6).
-50
Let k(g) = g**2 - 17*g + 70. Give k(16).
54
Let m(r) = 22*r - 1058. What is m(49)?
20
Let w(k) = k**3 + 318*k**2 - 1619*k + 16. Determine w(5).
-4
Let r(p) = -720*p - 23040. Calculate r(-32).
0
Let d(y) = 50*y**2 + 95*y - 192. Determine d(2).
198
Let z(r) = -396*r + 9116. Give z(23).
8
Let m(n) = -29*n**3 - 350*n**2 - 20*n + 51. Calculate m(-12).
3
Let v(a) = -a**3 + 32*a**2 - 3*a + 107. What is v(32)?
11
Let y(u) = -1398*u - 8403. Determine y(-6).
-15
Let q(o) = -13*o**2 + 36*o + 1. Calculate q(4).
-63
Let m(h) = -952*h**2 - 2861*h - 7. What is m(-3)?
8
Let w(i) = -39*i + 38. What is w(0)?
38
Let j(a) = -48*a + 592. Determine j(5).
352
Let t(a) = -2*a**3 - 128*a**2 - 370*a - 115. Calculate t(-61).
129
Let i(v) = 4*v**3 + 21*v**2 + 34*v + 3. Calculate i(-2).
-13
Let s(j) = 2*j**3 + 3*j**2 + 2*j + 9. Give s(-6).
-327
Let o(c) = 2*c**3 + 8*c**2 + 8*c - 79. Give o(6).
689
Let l(w) = -w**2 + 11*w - 36. What is l(20)?
-216
Let z(f) = f**3 - 37*f**2 - 10*f + 71. Calculate z(37).
-299
Let s(f) = 490*f - 4403. Give s(9).
7
Let n(b) = -1719*b + 8583. Give n(5).
-12
Let d(f) = 32*f + 292. What is d(0)?
292
Let u(g) = g**3 + 76*g**2 + 163*g + 1110. Calculate u(-74).
0
Let z(w) = w**2 - 68*w - 629. What is z(-8)?
-21
Let g(h) = -58*h**3 - 56*h**2 - 54*h + 3. Determine g(-1).
59
Let s(h) = -2*h**2 + 40*h + 455. Calculate s(-8).
7
Let y(l) = 138*l**2 + 1388*l + 52. Give y(-10).
-28
Let y(a) = -a**3 - a**2 + 4*a + 96. Calculate y(0).
96
Let i(m) = m**2 - 8*m - 6. Determine i(10).
14
Let t(x) = 8*x + 461. What is t(-59)?
-11
Let r(f) = 1258*f + 18869. Give r(-15).
-1
Let j(k) = -k**3 - 9*k**2 - 22*k - 45. Calculate j(-7).
11
Let t(f) = f**2 + 29*f - 185. Calculate t(-34).
-15
Let s(a) = 903*a - 158929. Give s(176).
-1
Let y(a) = 2*a**2 - 52*a - 645. Give y(35).
-15
Let w(l) = -l**2 - 53*l + 16. Calculate w(-54).
-38
Let g(k) = 61*k - 141. Calculate g(1).
-80
Let m(w) = 10*w**2 - 350*w - 296. Give m(36).
64
Let t(p) = p**3 + 22*p**2 - 11*p - 619. Calculate t(-21).
53
Let a(k) = -429*k - 2567. Calculate a(-6).
7
Let u(s) = -s**2 + 90*s - 796. Calculate u(10).
4
Let g(a) = -27*a - 339. Determine g(-9).
-96
Let t(p) = 4*p**3 - 12*p**2 + 75*p + 225. Give t(-2).
-5
Let n(o) = -o**3 - 40*o**2 + 173*o - 160. What is n(-44)?
-28
Let n(g) = 32*g**2 + 3645*g - 335. Calculate n(-114).
7
Let f(p) = -1332*p - 7984. Determine f(-6).
8
Let u(k) = -2*k**3 + 159*k**2 + 244*k - 94. Calculate u(81).
-13
Let h(a) = a**3 + 84*a**2 + 678*a + 93. What is h(-75)?
-132
Let l(o) = 2270*o - 29514. Give l(13).
-4
Let k(c) = 92*c - 3139. Calculate k(34).
-11
Let z(i) = -i**3 + 20*i**2 - 68*i - 60. What is z(15)?
45
Let p(y) = -11*y**2 + 48*y - 12. Give p(4).
4
Let j(n) = n**3 - n**2 - 4*n + 2. What is j(5)?
82
Let j(k) = -k**3 - 2*k**2 + 5*k + 22. Determine j(5).
-128
Let i(f) = -30*f**2 + 18*f + 3. Give i(1).
-9
Let b(u) = -55*u - 2343. Give b(-43).
22
Let u(v) = -10*v**2 + 77*v + 13. What is u(9)?
-104
Let k(z) = -z**2 - 66*z - 1025. Calculate k(-25).
0
Let u(b) = b**3 - 59*b**2 + 216*b + 212. What is u(55)?
-8
Let n(d) = 186*d - 2604. What is n(13)?
-186
Let l(i) = -26*i**2 - 286*i + 19. What is l(-11)?
19
Let f(z) = -71*z**2 - 21*z + 38. What is f(2)?
-288
Let k(g) = -276*g - 6. Give k(-1).
270
Let v(q) = -7*q + 159. Give v(27).
-30
Let q(s) = 48*s + 2222. What is q(-46)?
14
Let t(l) = l**3 - 10*l**2 + 29*l. What is t(8)?
104
Let t(f) = -1682*f - 10019. Calculate t(-6).
73
Let f(o) = -3*o**3 - 2*o**2 + o. What is f(3)?
-96
Let p(d) = 2*d**3 - 6*d**2 + 10*d - 16. Give p(3).
14
Let z(n) = -1973*n - 3938. What is z(-2)?
8
Let l(k) = 27*k + 338. Determine l(-14).
-40
Let m(x) = x**2 - 65*x - 4869. Determine m(-45).
81
Let d(i) = 13*i**2 - 458*i + 109. Determine d(35).
4
Let f(z) = -3*z**3 + 6*z**2 + 9*z + 10. What is f(4)?
-50
Let w(t) = -t**2 + 28*t - 66. Calculate w(3).
9
Let t(h) = 21*h - 1191. Give t(10).
-981
Let z(f) = -12*f - 134. Give z(-11).
-2
Let k(y) = -19*y - 19. What is k(4)?
-95
Let s(d) = 24*d - 240. Determine s(16).
144
Let c(m) = 16*m**2 + 337*m + 18. Give c(-21).
-3
Let b(p) = -5*p**2 - 321*p - 134. Give b(-64).
-70
Let u(x) = -x**3 + 127*x**2 - 248*x - 269. Determine u(125).
-19
Let n(t) = 21*t**2 + 3*t - 12. What is n(0)?
-12
Let d(u) = u**3 - 13*u**2 + 2*u - 3. Calculate d(12).
-123
Let u(x) = 378*x + 1488. Determine u(-4).
-24
Let c(h) = 3*h**2 - 10*h - 63. Determine c(0).
-63
Let y(j) = -5*j**2 + 18*j + 37. What is y(-2)?
-19
Let l(d) = -57*d - 4105. Determine l(-72).
-1
Let u(f) = -f**2 - 38*f - 295. Give u(-9).
-34
Let v(j) = -171*j - 1457. Calculate v(-7).
-260
Let f(k) = -19*k + 281. What is f(4)?
205
Let q(h) = -81*h + 463. Calculate q(5).
58
Let a(t) = 9*t**2 - 648*t - 2041. Calculate a(75).
-16
Let s(b) = -b**3 - 29*b**2 - 27*b + 24. Give s(-28).
-4
Let q(g) = 10*g**2 + 29*g - 58. Calculate q(2).
40
Let n(c) = -1592*c - 23869. Determine n(-15).
11
Let k(z) = -15*z**2 + 187*z - 88. Give k(12).
-4
Let z(c) = c**3 - 13*c**2 - 19*c + 241. Give z(13).
-6
Let b(i) = -5*i**2 - 41*i + 89. Determine b(-10).
-1
Let u(k) = k**2 + 12*k. Calculate u(-11).
-11
Let o(n) = 1400*n - 4216. Determine o(3).
-16
Let s(n) = -n**3 - 22*n**2 + 54*n + 115. Determine s(-24).
-29
Let x(q) = 14*q + 533. Give x(-79).
-573
Let j(b) = -b**3 - 5*b**2 + 16*b + 14. What is j(-6)?
-46
Let y(o) = -2*o**3 + 172*o**2 - o + 123. Determine y(86).
37
Let u(s) = -s**2 + 73*s - 470. Calculate u(66).
-8
Let w(o) = -o**2 + 58*o - 424. Calculate w(9).
17
Let p(w) = -8*w - 23. Calculate p(18).
-167
Let o(u) = -2*u**3 + 11*u**2 + 27*u - 25. What is o(7)?
17
Let n(u) = -110*u**2 - 3*u - 4. Give n(-1).
-111
Let u(v) = v**3 + 22*v**2 + 76*v + 197. Give u(-18).
125
Let x(h) = 7*h**3 + 506*h**2 + 1118*h - 121. Calculate x(-70).
19
Let n(g) = g**3 - 4*g**2 - 192*g - 815. Calculate n(-7).
-10
Let r(x) = x**3 - 3*x**2 - x - 9. Give r(3).
-12
Let h(d) = 2*d**2 + 28*d - 77. Give h(6).
163
Let o(s) = 